14
Let t(n) = -6*n**3 - 450*n + 449*n + 26 + 7*n**2 - 54 + 0*n**3 + 5*n**3 + 29. Suppose -3*o = 4*m - 28, -m + 21 = 2*m - 3*o. Determine t(m).
-6
Let u(t) = -t**2 - 4*t + 7. Let m = 64 + -76. Let b be (1 - (-5 - -5)) + m/2. Determine u(b).
2
Suppose 53 = 16*v + 117. Suppose -3*s - 4 = -13. Let q(c) = s*c + 4 + 3*c + 0. Calculate q(v).
-20
Suppose -45 = -5*s + 5*r, -3*s - 2*r = -3*r - 17. Suppose -4*k - 20 = s. Let n be (k - -3)/3*(-5 + -3). Let t(f) = f**2 - 7*f + 1. Calculate t(n).
9
Let g(c) = c**2 + 19*c + 31. Let q(r) = 11*r - 93. Let i be q(6). Let s(p) = -10*p - 287. Let l be s(i). Give g(l).
-3
Suppose 329*x - 318*x - 506 = 0. Let q(f) = -2*f**2 + 91*f + 50. Determine q(x).
4
Suppose 4*o - 68 = -m - 3, -o - 3*m = -30. Suppose k = -o + 28. Let b be (4/10)/(k/(-130)). Let i(n) = -n - 2. Give i(b).
2
Let f(d) = -d**3 + 3*d**2 - 9*d + 24. Let t = 22872 + -22869. Determine f(t).
-3
Let d(p) = -41*p - 1. Let c(x) = 133*x + 4. Let i(b) = 4*c(b) + 13*d(b). Let y be (-2)/(4/3 - 2). Suppose -f = -3*f - 2*a + 4, y*a = -6. Give i(f).
-1
Let m(r) = r**3 + 6*r**2 + 4*r - 3. Let h be m(-5). Let c(q) = 11*q + 9. Let z(t) = 1 - 3 + 66*t - 65*t + 4. Let u(b) = -c(b) + 4*z(b). Calculate u(h).
-15
Suppose 2*j + 4*z = 668, -7*j + 12*j - 1670 = -4*z. Let k = j + -328. Let x(u) be the third derivative of u**4/24 - 2*u**3 - u**2. Determine x(k).
-6
Let q be (-44)/6 + (-6)/9. Let y(i) be the second derivative of i**3/2 + 9*i**2/2 + 15*i - 74. Give y(q).
-15
Suppose 0 = r - 9 + 1. Let z(g) = -3*g - 485. Let n(f) = f + 129. Let j(u) = -15*n(u) - 4*z(u). Give j(r).
-19
Let v = -7399 - -7402. Let f(a) = -5*a - a**3 + 0 - 3 + 2*a**2 + 6. Give f(v).
-21
Suppose 3*r - t + 4*t = 18, 2*t = -4*r + 20. Suppose -12 = -r*i - 0. Suppose -14 - 1 = -i*h + x, 4*h = -5*x + 39. Let l(a) = -3*a + 5. Calculate l(h).
-13
Let v(w) = 9*w - 151. Let t be ((-65)/(-78))/((-4)/(-72)). Calculate v(t).
-16
Let t(n) = -n**2 - 15*n - 20. Let g be (-106)/7 - (-1056)/924. Determine t(g).
-6
Let z(s) be the second derivative of -17*s**3/2 - 261*s**2/2 + 6122*s. Calculate z(-5).
-6
Let z(i) = -i**2 - 61. Let x(a) = 3*a**2 + 4*a + 184. Let m(v) = 4*x(v) + 11*z(v). What is m(-11)?
10
Let p(z) = 19 + 24*z - 73 + 103. Determine p(-2).
1
Let s(x) = 7*x**2 + 11*x - 32. Let t(r) = -r**2 + 2*r + 10. Let u(a) = s(a) + 6*t(a). Let q be (1 + -4 - 1) + -18. What is u(q)?
6
Let w = -8552 + 8567. Let m(b) = -7*b + 153. What is m(w)?
48
Let h be 3/(-9) + (-620)/(-60). Let z(l) = l**3 + l**2 - l - 1. Let a(p) = 2*p**3 + 13*p**2 - 5*p + 16. Let f(g) = a(g) - 3*z(g). What is f(h)?
-1
Let o(n) = 10*n - 15366*n**2 - 18*n + 15368*n**2 - 37. Calculate o(-3).
5
Suppose -w = -14 + 4. Let i(c) = -5 + w*c**2 + c**3 - 6*c - 14*c**2 - 6 + 12. Calculate i(5).
-4
Let b(s) be the third derivative of -13*s**6/120 + s**4/24 - 7*s**3 - 25*s**2 + 2*s. Let p(c) be the first derivative of b(c). Calculate p(1).
-38
Let u(k) = -3*k**2 - 2*k + 2. Let o = -93 + 101. Suppose o*m - 1134 = -m. Let g = m + -128. What is u(g)?
-6
Suppose -2*p + 4*d = 2 - 18, -p + 14 = -4*d. Let g(z) = 2*z**2 + 123*z - 522. Let i be g(4). Let f(a) = 6 + 0 + p*a - i*a + a. What is f(0)?
6
Let x(m) = 3*m - 10. Let u(f) = 8*f - 29. Let w = -14 - -3. Let g(k) = w*x(k) + 4*u(k). Let h be 2/((-32)/116) + 1/4. Calculate g(h).
1
Suppose -2*a - 23*k = -19*k + 6, -4*k = -a + 9. Let j(u) = 2*u**3 + u - 1. Let x be j(a). Let v(f) = 2*f**3 - f**2. Determine v(x).
12
Suppose 114*b = 125*b. Let r(z) = -z + 5 - 3 - 6. What is r(b)?
-4
Suppose 27*u + 416 = -156 + 32. Let y(z) = -27*z - 544. Give y(u).
-4
Let q(x) = -18*x**2 - 5*x - 1. Let f(k) = 25*k**2 + 8*k + 2. Let o(v) = -5*f(v) - 7*q(v). Give o(5).
-3
Let i(k) = k + 682 + 684 - 2032 + 676. Suppose -n - 5*f - 37 + 3 = 0, 0 = 4*n + 3*f + 68. What is i(n)?
-4
Suppose 46 = 2*h - 0*h + 5*z, 38 = 2*h + 3*z. Let b(x) = 2*x - 14. Calculate b(h).
12
Let b = -50 + 55. Let d(g) = 5*g**3 + 2*g**2 + 3*g - 51. Let c(w) = w**3 + w**2 + w - 12. Let p(x) = -9*c(x) + 2*d(x). Determine p(b).
-9
Let w(u) be the third derivative of u**6/120 - u**5/60 - u**4/24 + 2*u**2. Let d = -32 - -42. Let a be 72/45 - (-4)/d. Give w(a).
2
Let l(b) = 3*b**2 + 12*b + 2. Let r be (-2)/5 - (-38)/95. Suppose 346*i - 340*i + 30 = r. Calculate l(i).
17
Let z(l) = -l**3 + 3*l**2 - 5*l + 2. Suppose 0 = 7*a - 13 - 92. Let d = 24 - a. Suppose -16 = -d*k + 11. Determine z(k).
-13
Suppose y - 2*u = 7, 0 = -9*u - 32 - 13. Let b(g) = 11*g - 10. Give b(y).
-43
Let a(k) = -28*k**2 - k + 1. Let z(p) = -27*p**2 - 21*p + 16. Let s(r) = -a(r) + z(r). Give s(19).
-4
Let c be (-3 + 8/4)*-2. Suppose 3*t - t - 50 = c*g, 5*t = g + 105. Let p(n) = -2*n + 45. Let f be p(t). Let o(z) = -2*z + 6. What is o(f)?
-4
Let j be (-45)/(-10) + (-147)/14. Let v(q) = 7*q + 46. Determine v(j).
4
Let k(s) = -s**2 - 3*s - 1. Let v = 133 + -128. Suppose 4*l = 6*l + 5*o - 30, 0 = v*l + 5*o - 45. Suppose -l*u - 1 = 19. Calculate k(u).
-5
Let k be ((8/(-12))/(14/(-105)))/(-1). Let j(n) = -n**2 + 4*n + 41. Give j(k).
-4
Let i(h) = 51*h**2 + h + 17. Let v(l) = -22*l**2 - 2*l - 6. Let g(t) = 3*i(t) + 7*v(t). Determine g(7).
-117
Let c be ((-3)/4*-1)/((-10)/40). Let n be (-15)/(-10)*(-16)/(-12). Let h(y) = -9*y**2 + 11*y**2 - 3*y - n - 3*y**3 + 4*y**3. Calculate h(c).
-2
Let t(j) = 2*j**2 - j + 4. Let d(z) = z**2 - z - 90. Suppose 5*a = -2*r - 3, -5*a + 24 = 13*r - 14*r. Let x be d(r). Calculate t(x).
4
Let c(p) = -10*p**2 - 10*p - 27 + p + 8 + 8 + 9*p**2 - 4. Suppose -5*g = 3*h - 0*g - 7, -10 = 5*h + 4*g. Determine c(h).
3
Let l(n) = -10*n - 4 - 8*n - 20*n + 42*n. Suppose 14 = 4*y + 2*x, 4*y = -3*x + 6 + 11. Calculate l(y).
4
Let o(z) = -23*z - 16*z + 59*z - 23*z + 20. Let g be o(10). Let t be (-2)/6 - g/3. Let n(b) = -b - 1. Calculate n(t).
-4
Let v be 2 + 2 + (-1 - -1 - -1). Let i(o) = 4*o**2 - 10*o - 5. Let h(y) = -3*y**2 + 9*y + 4. Let z(d) = v*h(d) + 4*i(d). Determine z(-4).
-4
Suppose 12 = 14*b - 13*b. Let n(g) = 4*g**2 - 2*g**2 + 6 - b*g - g**2 + 4*g. Calculate n(6).
-6
Let q(t) = -t**2 - 13*t + 4. Let x be q(-13). Let f(z) = -4*z + x - 3 + 3*z + 14. Let k be f(6). Let b(r) = -r + 3. Give b(k).
-6
Suppose 0 = -3*b + 3*w + 18, 4*b = -2*w - 7 + 19. Suppose 5*x = x - 2*f + 14, b*f + 20 = 0. Let r(y) = x + 18 - y - 19. Give r(5).
0
Let x be 11/((-11)/6) + -4. Let k be (-2)/x - 144/(-80). Let i(m) = 6*m**k + 389 - 389 - 2*m - 5*m**2. What is i(2)?
0
Let w(l) = -l**3 - l**2 + 7*l - 27. Let b be 0*(-9)/12*14/21. Give w(b).
-27
Let p be 4/(-2) - 0 - -4. Let k(q) = 5 - 127*q - 5 + 126*q + 3*q**p. What is k(-1)?
4
Let s(m) = m**2 - 7*m + 3. Let d(o) be the third derivative of o**5/30 - o**4/24 + o**3/6 - 36*o**2. Let f(t) = -d(t) + s(t). Calculate f(-7).
-5
Let l(r) = r - 18. Suppose 3*w = -4*n - 41, 8 - 5 = -4*w + 5*n. What is l(w)?
-25
Let a(y) = -y**3 + 3*y**2 + 4*y - 3. Let s = -137 + 143. Let r be ((-4)/s)/(12/(-54)). Give a(r).
9
Let p(m) = -m**3 - 2*m**2 + 2*m + 1. Let u be (-2)/(6/(-10)*(-18)/27). Let f be (-816)/306 + (u/(-3) - 1). Calculate p(f).
-3
Let r be 4/(-14) - 24/14. Let y = 320 + -285. Let u(t) = -3 + y*t - 113*t + 40*t - t**2 + 35*t. What is u(r)?
-1
Let x(a) = a**3 + 6*a**2 - 7. Suppose -3*i = 5*n - 11, -2*n + 11 = -74*i + 73*i. Determine x(i).
20
Let r be (-5)/1 + 18 - 1. Suppose -r*f + 15*f - 1140 = 0. Let i(p) = 379*p + 3 - 2 - f*p + 5. What is i(12)?
-6
Let c(q) be the second derivative of q**5/20 + 7*q**4/12 + q**3/2 + 426*q + 28. Suppose 2*f = 4*w - 8 - 4, 3*w + 1 = -f. Give c(f).
36
Let u be (12/9)/(133/(-21) + 7). Let s(k) = -7*k**u + 89*k**3 - k - 107*k**3 - 1 + 8*k**2. Calculate s(-1).
19
Let o(x) = x**2 + 5*x - 37. Suppose 2*g + 5 = 3*m, 5*m = 1031*g - 1026*g + 20. Determine o(g).
-23
Let i be (-945)/(-525) - (-24)/(-5) - -9. Let d(u) be the first derivative of 2 + 1/2*u**2 + u. Determine d(i).
7
Let j(i) = -i**3 - i**2 + i + 2. Suppose -19 = z + 3*u - 23, 10*z + 30 = 5*u. Calculate j(z).
4
Let h = -25 - -19. Suppose 16 = -5*a + 31. Let j(p) = -2 - 6*p**3 + 15*p**a - 4*p**3 + p - 6*p**2 - 6*p**3. What is j(h)?
-8
Let r(l) be the second derivative of -l**5/20 - l**4/6 + l**3/6 + 8*l**2 + 241*l - 6. Calculate r(-4).
44
Let m(h) be the second derivative of 2*h**3/3 + 4*h**2 - 663*h. Give m(-7).
-20
Let d = -27 - -31. Let f(j) = 1 + 220*j - 216*j - d - 4. Determine f(2).
1
